der when 11218 is divided by 23?
17
Calculate the remainder when 1285648 is divided by 661.
3
What is the remainder when 16908 is divided by 5592?
132
Calculate the remainder when 934688 is divided by 47.
46
Calculate the remainder when 1787 is divided by 426.
83
Calculate the remainder when 1004268 is divided by 6740.
8
What is the remainder when 12126 is divided by 328?
318
What is the remainder when 6222 is divided by 1739?
1005
What is the remainder when 20655 is divided by 21?
12
Calculate the remainder when 10831 is divided by 216.
31
Calculate the remainder when 20217 is divided by 475.
267
Calculate the remainder when 5053 is divided by 336.
13
What is the remainder when 46813 is divided by 46810?
3
What is the remainder when 17624 is divided by 25?
24
Calculate the remainder when 53720 is divided by 112.
72
Calculate the remainder when 20693 is divided by 10.
3
Calculate the remainder when 115110 is divided by 377.
125
What is the remainder when 29204 is divided by 2919?
14
Calculate the remainder when 650560 is divided by 28.
8
What is the remainder when 142403 is divided by 823?
24
Calculate the remainder when 22069 is divided by 80.
69
What is the remainder when 42419 is divided by 7?
6
What is the remainder when 20857 is divided by 70?
67
Calculate the remainder when 169629 is divided by 114.
111
Calculate the remainder when 3822 is divided by 16.
14
What is the remainder when 195 is divided by 188?
7
Calculate the remainder when 1738294 is divided by 1198.
1194
Calculate the remainder when 1311 is divided by 449.
413
Calculate the remainder when 1018 is divided by 1009.
9
What is the remainder when 1044 is divided by 334?
42
What is the remainder when 3224716 is divided by 57?
55
What is the remainder when 11504 is divided by 3672?
488
Calculate the remainder when 403246 is divided by 813.
811
What is the remainder when 2894 is divided by 195?
164
Calculate the remainder when 812278 is divided by 140.
138
Calculate the remainder when 112703 is divided by 1213.
1107
Calculate the remainder when 10317 is divided by 2735.
2112
What is the remainder when 15275 is divided by 3712?
427
What is the remainder when 4269 is divided by 786?
339
What is the remainder when 9718 is divided by 17?
11
Calculate the remainder when 46508 is divided by 68.
64
What is the remainder when 6391 is divided by 1063?
13
What is the remainder when 24859 is divided by 30?
19
What is the remainder when 55 is divided by 11?
0
Calculate the remainder when 2837 is divided by 2819.
18
What is the remainder when 22572 is divided by 29?
10
Calculate the remainder when 9915 is divided by 745.
230
What is the remainder when 5035 is divided by 463?
405
What is the remainder when 18701 is divided by 75?
26
What is the remainder when 17626 is divided by 452?
450
Calculate the remainder when 2583 is divided by 84.
63
What is the remainder when 68058 is divided by 96?
90
Calculate the remainder when 19385 is divided by 1310.
1045
Calculate the remainder when 2525 is divided by 360.
5
What is the remainder when 42949 is divided by 120?
109
Calculate the remainder when 25440 is divided by 2315.
2290
Calculate the remainder when 1920 is divided by 213.
3
Calculate the remainder when 2723 is divided by 772.
407
What is the remainder when 115769 is divided by 12?
5
What is the remainder when 27182 is divided by 673?
262
Calculate the remainder when 465684 is divided by 258.
252
Calculate the remainder when 634717 is divided by 105.
97
What is the remainder when 33247 is divided by 78?
19
What is the remainder when 3651 is divided by 229?
216
Calculate the remainder when 394 is divided by 33.
31
What is the remainder when 661737 is divided by 154?
153
Calculate the remainder when 882 is divided by 12.
6
Calculate the remainder when 4772 is divided by 2335.
102
What is the remainder when 2078 is divided by 29?
19
What is the remainder when 3310 is divided by 21?
13
Calculate the remainder when 2607 is divided by 299.
215
What is the remainder when 2299 is divided by 758?
25
Calculate the remainder when 25357 is divided by 317.
314
What is the remainder when 592649 is divided by 22?
13
What is the remainder when 11945 is divided by 362?
361
What is the remainder when 410231 is divided by 82?
67
Calculate the remainder when 18146 is divided by 1072.
994
What is the remainder when 39578 is divided by 39572?
6
Calculate the remainder when 13383 is divided by 4038.
1269
What is the remainder when 12116 is divided by 865?
6
Calculate the remainder when 112887 is divided by 106.
103
Calculate the remainder when 624788 is divided by 48060.
8
What is the remainder when 49167 is divided by 616?
503
What is the remainder when 75912 is divided by 230?
12
Calculate the remainder when 58342 is divided by 2430.
22
What is the remainder when 7759 is divided by 3821?
117
What is the remainder when 5612 is divided by 106?
100
Calculate the remainder when 66121 is divided by 48.
25
What is the remainder when 338309 is divided by 30?
29
What is the remainder when 27423 is divided by 722?
709
Calculate the remainder when 53569 is divided by 9.
1
What is the remainder when 1589 is divided by 265?
264
What is the remainder when 140315 is divided by 546?
539
What is the remainder when 50954 is divided by 645?
644
What is the remainder when 43082 is divided by 36?
26
Calculate the remainder when 1139 is divided by 728.
411
Calculate the remainder when 1525 is divided by 14.
13
Calculate the remainder when 1101 is divided by 624.
477
What is the remainder when 8341 is divided by 160?
21
What is the remainder when 23738 is divided by 166?
0
What is the remainder when 45772 is divided by 934?
6
Calculate the remainder when 5260250 is divided by 37.
34
What is the remainder when 1200333 is divided by 62?
13
Calculate the remainder when 8989 is divided by 4467.
55
What is the remainder when 229557 is divided by 11?
9
What is the remainder when 337837 is divided by 3?
1
What is the remainder when 32976 is divided by 17?
13
What is the remainder when 5481 is divided by 1667?
480
What is the remainder when 26186 is divided by 13?
4
What is the remainder when 522 is divided by 139?
105
Calculate the remainder when 8546 is divided by 90.
86
What is the remainder when 295 is divided by 120?
55
Calculate the remainder when 78098 is divided by 284.
282
Calculate the remainder when 92048 is divided by 30667.
47
Calculate the remainder when 4610 is divided by 4403.
207
What is the remainder when 2389998 is divided by 788?
782
Calculate the remainder when 71635 is divided by 1557.
13
Calculate the remainder when 889793 is divided by 9.
8
What is the remainder when 112173 is divided by 8012?
5
Calculate the remainder when 36667 is divided by 5231.
50
Calculate the remainder when 634904 is divided by 78.
62
What is the remainder when 4007 is divided by 20?
7
What is the remainder when 7142 is divided by 509?
16
What is the remainder when 6253 is divided by 1248?
13
Calculate the remainder when 5381 is divided by 290.
161
What is the remainder when 42281 is divided by 694?
641
Calculate the remainder when 2449 is divided by 29.
13
Calculate the remainder when 40535 is divided by 20179.
177
What is the remainder when 89414 is divided by 12773?
3
Calculate the remainder when 71246 is divided by 33.
32
Calculate the remainder when 1190907 is divided by 19.
6
What is the remainder when 78422 is divided by 26131?
29
Calculate the remainder when 1028431 is divided by 38.
37
Calculate the remainder when 2328 is divided by 411.
273
Calculate the remainder when 72813 is divided by 222.
219
What is the remainder when 2933 is divided by 2919?
14
Calculate the remainder when 270360 is divided by 99.
90
Calculate the remainder when 34437 is divided by 17068.
301
What is the remainder when 5967 is divided by 155?
77
Calculate the remainder when 17655 is divided by 8813.
29
Calculate the remainder when 135442 is divided by 22.
10
What is the remainder when 11532 is divided by 256?
12
Calculate the remainder when 16542 is divided by 8264.
14
What is the remainder when 146659 is divided by 23?
11
What is the remainder when 8753 is divided by 29?
24
Calculate the remainder when 78581 is divided by 276.
197
What is the remainder when 